{"id":2716,"date":"2025-02-17T16:03:30","date_gmt":"2025-02-17T15:03:30","guid":{"rendered":"https:\/\/atinegoce.fr\/?post_type=product&#038;p=2716"},"modified":"2025-02-17T16:06:39","modified_gmt":"2025-02-17T15:06:39","slug":"khroma","status":"publish","type":"product","link":"https:\/\/atinegoce.fr\/?product=khroma","title":{"rendered":"Khroma"},"content":{"rendered":"<p>Khroma r\u00e9v\u00e8le l&#8217;\u00e2me expressive et naturelle de l&#8217;argile, la mati\u00e8re primordiale qui donne vie \u00e0 tout.<\/p>\n<p>R\u00e9sistant aux chocs thermiques.<\/p>\n<p>Antid\u00e9rapant.<\/p>\n","protected":false},"excerpt":{"rendered":"<p>Khroma r\u00e9v\u00e8le l&#8217;\u00e2me expressive et naturelle de l&#8217;argile, la mati\u00e8re primordiale qui donne vie \u00e0 tout. R\u00e9sistant aux chocs thermiques. Antid\u00e9rapant.<\/p>\n","protected":false},"featured_media":2717,"template":"","meta":[],"_links":{"self":[{"href":"https:\/\/atinegoce.fr\/index.php?rest_route=\/wp\/v2\/product\/2716"}],"collection":[{"href":"https:\/\/atinegoce.fr\/index.php?rest_route=\/wp\/v2\/product"}],"about":[{"href":"https:\/\/atinegoce.fr\/index.php?rest_route=\/wp\/v2\/types\/product"}],"wp:featuredmedia":[{"embeddable":true,"href":"https:\/\/atinegoce.fr\/index.php?rest_route=\/wp\/v2\/media\/2717"}],"wp:attachment":[{"href":"https:\/\/atinegoce.fr\/index.php?rest_route=%2Fwp%2Fv2%2Fmedia&parent=2716"}],"curies":[{"name":"wp","href":"https:\/\/api.w.org\/{rel}","templated":true}]}}