{"id":2712,"date":"2025-02-17T15:04:28","date_gmt":"2025-02-17T14:04:28","guid":{"rendered":"https:\/\/atinegoce.fr\/?post_type=product&#038;p=2712"},"modified":"2025-02-18T08:29:12","modified_gmt":"2025-02-18T07:29:12","slug":"le-briccole","status":"publish","type":"product","link":"https:\/\/atinegoce.fr\/?product=le-briccole","title":{"rendered":"Le Briccole"},"content":{"rendered":"<p class=\"p1\">\u00ab Le Briccole \u00bb est aussi le nom d\u2019une grande collection effet bois, empreinte d\u2019une authenticit\u00e9 naturelle, chaleureuse et accueillante.<\/p>\n<p>R\u00e9sistant aux chocs thermiques.<\/p>\n<p>Antid\u00e9rapant.<\/p>\n","protected":false},"excerpt":{"rendered":"<p>\u00ab Le Briccole \u00bb est aussi le nom d\u2019une grande collection effet bois, empreinte d\u2019une authenticit\u00e9 naturelle, chaleureuse et accueillante. R\u00e9sistant aux chocs thermiques. Antid\u00e9rapant.<\/p>\n","protected":false},"featured_media":2713,"template":"","meta":[],"_links":{"self":[{"href":"https:\/\/atinegoce.fr\/index.php?rest_route=\/wp\/v2\/product\/2712"}],"collection":[{"href":"https:\/\/atinegoce.fr\/index.php?rest_route=\/wp\/v2\/product"}],"about":[{"href":"https:\/\/atinegoce.fr\/index.php?rest_route=\/wp\/v2\/types\/product"}],"wp:featuredmedia":[{"embeddable":true,"href":"https:\/\/atinegoce.fr\/index.php?rest_route=\/wp\/v2\/media\/2713"}],"wp:attachment":[{"href":"https:\/\/atinegoce.fr\/index.php?rest_route=%2Fwp%2Fv2%2Fmedia&parent=2712"}],"curies":[{"name":"wp","href":"https:\/\/api.w.org\/{rel}","templated":true}]}}