{"id":261,"date":"2018-04-17T02:05:25","date_gmt":"2018-04-17T00:05:25","guid":{"rendered":"http:\/\/atinegoce.fr\/?post_type=product&#038;p=261"},"modified":"2026-02-17T10:18:04","modified_gmt":"2026-02-17T09:18:04","slug":"produits-de-mise-en-oeuvre","status":"publish","type":"product","link":"https:\/\/atinegoce.fr\/?product=produits-de-mise-en-oeuvre","title":{"rendered":"Produits de mise en oeuvre"},"content":{"rendered":"<p>Une gamme de produits pour entretenir vos dallages, pav\u00e9s.<\/p>\n<p>Hydronet : nettoyant surpuissant d\u00e9tachant, d\u00e9graissant pour les huiles de moteur, les laitances de joints de carrelage, les graisses et les sucres alimentaires, les tanins du vins ou de diff\u00e9rents v\u00e9g\u00e9taux.<\/p>\n<p>Min\u00e9ralisant hydrofuge : protection, consolidation et imperm\u00e9abilisation d\u00e9finitive de tous les supports min\u00e9raux poreux tels que la pierre, le b\u00e9ton, les enduits et les joints.<\/p>\n<p>Compl\u00e9ment min\u00e9ral Ol\u00e9o= : protection renforc\u00e9e contre les t\u00e2ches et les graisses. Consolide et imperm\u00e9abilise tous les supports min\u00e9raux poreux.<\/p>\n","protected":false},"excerpt":{"rendered":"<p>Une gamme de produits pour entretenir vos dallages, pav\u00e9s. Hydronet : nettoyant surpuissant d\u00e9tachant, d\u00e9graissant pour les huiles de moteur, les laitances de joints de carrelage, les graisses et les sucres alimentaires, les tanins du vins ou de diff\u00e9rents v\u00e9g\u00e9taux. Min\u00e9ralisant hydrofuge : protection, consolidation et imperm\u00e9abilisation d\u00e9finitive de tous les supports min\u00e9raux poreux tels &hellip; <\/p>\n<p class=\"link-more\"><a href=\"https:\/\/atinegoce.fr\/?product=produits-de-mise-en-oeuvre\" class=\"more-link\">Continue reading<span class=\"screen-reader-text\"> &#8220;Produits de mise en oeuvre&#8221;<\/span><\/a><\/p>\n","protected":false},"featured_media":1838,"template":"","meta":[],"_links":{"self":[{"href":"https:\/\/atinegoce.fr\/index.php?rest_route=\/wp\/v2\/product\/261"}],"collection":[{"href":"https:\/\/atinegoce.fr\/index.php?rest_route=\/wp\/v2\/product"}],"about":[{"href":"https:\/\/atinegoce.fr\/index.php?rest_route=\/wp\/v2\/types\/product"}],"wp:featuredmedia":[{"embeddable":true,"href":"https:\/\/atinegoce.fr\/index.php?rest_route=\/wp\/v2\/media\/1838"}],"wp:attachment":[{"href":"https:\/\/atinegoce.fr\/index.php?rest_route=%2Fwp%2Fv2%2Fmedia&parent=261"}],"curies":[{"name":"wp","href":"https:\/\/api.w.org\/{rel}","templated":true}]}}