{"id":1276,"date":"2018-06-01T13:01:12","date_gmt":"2018-06-01T11:01:12","guid":{"rendered":"http:\/\/atinegoce.fr\/?post_type=product&#038;p=1276"},"modified":"2025-11-04T16:43:21","modified_gmt":"2025-11-04T15:43:21","slug":"parement-gneiss-roux","status":"publish","type":"product","link":"https:\/\/atinegoce.fr\/?product=parement-gneiss-roux","title":{"rendered":"Parement gneiss roux"},"content":{"rendered":"<p>Pour apporter une touche &#8220;ancienne&#8221; \u00e0 vos maisons modernes ou dans vos r\u00e9novations, ce parement naturel gneiss roux conviendra parfaitement.<\/p>\n<p>Ces pierres naturelles mont\u00e9es sur une base ciment feront leur effet.<\/p>\n<p>Existe en panneau naturel, pilier, angle, chapeau de pilier et dessus de mur.<\/p>\n","protected":false},"excerpt":{"rendered":"<p>Pour apporter une touche &#8220;ancienne&#8221; \u00e0 vos maisons modernes ou dans vos r\u00e9novations, ce parement naturel gneiss roux conviendra parfaitement. Ces pierres naturelles mont\u00e9es sur une base ciment feront leur effet. Existe en panneau naturel, pilier, angle, chapeau de pilier et dessus de mur.<\/p>\n","protected":false},"featured_media":1875,"template":"","meta":[],"_links":{"self":[{"href":"https:\/\/atinegoce.fr\/index.php?rest_route=\/wp\/v2\/product\/1276"}],"collection":[{"href":"https:\/\/atinegoce.fr\/index.php?rest_route=\/wp\/v2\/product"}],"about":[{"href":"https:\/\/atinegoce.fr\/index.php?rest_route=\/wp\/v2\/types\/product"}],"wp:featuredmedia":[{"embeddable":true,"href":"https:\/\/atinegoce.fr\/index.php?rest_route=\/wp\/v2\/media\/1875"}],"wp:attachment":[{"href":"https:\/\/atinegoce.fr\/index.php?rest_route=%2Fwp%2Fv2%2Fmedia&parent=1276"}],"curies":[{"name":"wp","href":"https:\/\/api.w.org\/{rel}","templated":true}]}}