{"id":1272,"date":"2018-06-01T12:54:49","date_gmt":"2018-06-01T10:54:49","guid":{"rendered":"http:\/\/atinegoce.fr\/?post_type=product&#038;p=1272"},"modified":"2025-10-28T15:16:09","modified_gmt":"2025-10-28T14:16:09","slug":"parement-granit-gris","status":"publish","type":"product","link":"https:\/\/atinegoce.fr\/?product=parement-granit-gris","title":{"rendered":"Parement granit gris"},"content":{"rendered":"<p>Pierre plut\u00f4t rustique pour ce parement granit gris. En int\u00e9rieur pour habiller un mur, un espace d\u00e9fini (derri\u00e8re un po\u00eale) ou en ext\u00e9rieur pour donner un style \u00e0 votre am\u00e9nagement.<\/p>\n<p>Pierres naturelles mont\u00e9es sur une base ciment.<\/p>\n<p>Existe en panneau naturel, pilier, angle, chapeau de pilier et dessus de mur.<\/p>\n","protected":false},"excerpt":{"rendered":"<p>Pierre plut\u00f4t rustique pour ce parement granit gris. En int\u00e9rieur pour habiller un mur, un espace d\u00e9fini (derri\u00e8re un po\u00eale) ou en ext\u00e9rieur pour donner un style \u00e0 votre am\u00e9nagement. Pierres naturelles mont\u00e9es sur une base ciment. Existe en panneau naturel, pilier, angle, chapeau de pilier et dessus de mur.<\/p>\n","protected":false},"featured_media":1273,"template":"","meta":[],"_links":{"self":[{"href":"https:\/\/atinegoce.fr\/index.php?rest_route=\/wp\/v2\/product\/1272"}],"collection":[{"href":"https:\/\/atinegoce.fr\/index.php?rest_route=\/wp\/v2\/product"}],"about":[{"href":"https:\/\/atinegoce.fr\/index.php?rest_route=\/wp\/v2\/types\/product"}],"wp:featuredmedia":[{"embeddable":true,"href":"https:\/\/atinegoce.fr\/index.php?rest_route=\/wp\/v2\/media\/1273"}],"wp:attachment":[{"href":"https:\/\/atinegoce.fr\/index.php?rest_route=%2Fwp%2Fv2%2Fmedia&parent=1272"}],"curies":[{"name":"wp","href":"https:\/\/api.w.org\/{rel}","templated":true}]}}