{"id":1169,"date":"2018-05-22T17:43:45","date_gmt":"2018-05-22T15:43:45","guid":{"rendered":"http:\/\/atinegoce.fr\/?product=gres-gris-kandla"},"modified":"2025-10-28T08:24:28","modified_gmt":"2025-10-28T07:24:28","slug":"gres-gris-kandla","status":"publish","type":"product","link":"https:\/\/atinegoce.fr\/?product=gres-gris-kandla","title":{"rendered":"gr\u00e8s gris kandla"},"content":{"rendered":"<p>Pierre sableuse, s\u00e9dimentaire, \u00e0 grains tr\u00e8s fins, de teinte grise.<\/p>\n<p>Cette pierre naturelle convient pour tous les usages aussi bien en int\u00e9rieur qu\u2019en ext\u00e9rieur. Des nuances de couleurs et\/ou de granulom\u00e9trie peuvent exister entre les diff\u00e9rents lots et m\u00eame au sein du m\u00eame lot.<\/p>\n","protected":false},"excerpt":{"rendered":"<p>Pierre sableuse, s\u00e9dimentaire, \u00e0 grains tr\u00e8s fins, de teinte grise. Cette pierre naturelle convient pour tous les usages aussi bien en int\u00e9rieur qu\u2019en ext\u00e9rieur. Des nuances de couleurs et\/ou de granulom\u00e9trie peuvent exister entre les diff\u00e9rents lots et m\u00eame au sein du m\u00eame lot.<\/p>\n","protected":false},"featured_media":1589,"template":"","meta":[],"_links":{"self":[{"href":"https:\/\/atinegoce.fr\/index.php?rest_route=\/wp\/v2\/product\/1169"}],"collection":[{"href":"https:\/\/atinegoce.fr\/index.php?rest_route=\/wp\/v2\/product"}],"about":[{"href":"https:\/\/atinegoce.fr\/index.php?rest_route=\/wp\/v2\/types\/product"}],"wp:featuredmedia":[{"embeddable":true,"href":"https:\/\/atinegoce.fr\/index.php?rest_route=\/wp\/v2\/media\/1589"}],"wp:attachment":[{"href":"https:\/\/atinegoce.fr\/index.php?rest_route=%2Fwp%2Fv2%2Fmedia&parent=1169"}],"curies":[{"name":"wp","href":"https:\/\/api.w.org\/{rel}","templated":true}]}}