{"id":1152,"date":"2018-05-22T17:34:38","date_gmt":"2018-05-22T15:34:38","guid":{"rendered":"http:\/\/atinegoce.fr\/?product=ardoise-grise"},"modified":"2025-10-28T15:18:20","modified_gmt":"2025-10-28T14:18:20","slug":"ardoise-grise","status":"publish","type":"product","link":"https:\/\/atinegoce.fr\/?product=ardoise-grise","title":{"rendered":"Parement ardoise grise"},"content":{"rendered":"<p>Pour habiller vos murs int\u00e9rieurs optez pour un parement d\u00e9cor en ardoise.<\/p>\n<p>Ces pierres naturelles mont\u00e9es sur une base r\u00e9sin\u00e9e feront leur effet.<\/p>\n","protected":false},"excerpt":{"rendered":"<p>Pour habiller vos murs int\u00e9rieurs optez pour un parement d\u00e9cor en ardoise. Ces pierres naturelles mont\u00e9es sur une base r\u00e9sin\u00e9e feront leur effet.<\/p>\n","protected":false},"featured_media":862,"template":"","meta":[],"_links":{"self":[{"href":"https:\/\/atinegoce.fr\/index.php?rest_route=\/wp\/v2\/product\/1152"}],"collection":[{"href":"https:\/\/atinegoce.fr\/index.php?rest_route=\/wp\/v2\/product"}],"about":[{"href":"https:\/\/atinegoce.fr\/index.php?rest_route=\/wp\/v2\/types\/product"}],"wp:featuredmedia":[{"embeddable":true,"href":"https:\/\/atinegoce.fr\/index.php?rest_route=\/wp\/v2\/media\/862"}],"wp:attachment":[{"href":"https:\/\/atinegoce.fr\/index.php?rest_route=%2Fwp%2Fv2%2Fmedia&parent=1152"}],"curies":[{"name":"wp","href":"https:\/\/api.w.org\/{rel}","templated":true}]}}